*1)?
6
Suppose -2*m = 135 + 41. Let b be 1*-3*m/3. Suppose -z + b = 4*z - 3*g, 0 = -5*z + 2*g + 87. What is the remainder when 33 is divided by z?
16
Let l(m) = 4*m + 3 + 11*m**2 + 13*m**2 - 18*m**2. Calculate the remainder when l(-2) is divided by 5.
4
Let m(d) = d**3 + 8*d**2 + 4*d - 14. What is the remainder when 16 is divided by m(-7)?
2
Suppose 2*r = -r + 30. Let g be 1 + (2 - 0 - 0). Suppose 4*d - 45 = -g*l, l = -l + 4*d + 50. What is the remainder when l is divided by r?
9
Suppose 0 = 3*s - 0*s - 33. Suppose 0 = -t - 2*t + 9. Calculate the remainder when s is divided by t.
2
Suppose -12 + 4 = -2*l. Let g = l + 2. Calculate the remainder when g is divided by 3.
0
Let h = 134 + -79. Let f(w) = 5*w - 1. Let i be f(1). Suppose -x - i*x = -95. What is the remainder when h is divided by x?
17
Let b(u) = u**3 + 6*u**2 + 6*u + 6. Let i be b(-5). Let y(x) = x**3 - 8*x**2 + x - 1. What is the remainder when y(8) is divided by -2 - i - (7 - 13)?
1
Let i be (-16)/10*15/(-6). Suppose -i*c = c - 25. Calculate the remainder when 24 is divided by c.
4
Let s be 3095/10 - 2/(-4). Suppose -4*h = -s + 14. What is the remainder when h is divided by 25?
24
Let m(l) = 2*l**2 + 4*l + 3. Let g = -1 - 2. Let w be m(g). Suppose 3*r = w - 3. Calculate the remainder when 2 is divided by r.
0
Let q be (2/6)/((-4)/(-72)). Suppose -q*t = -t. Suppose 0*c + 2*l = 2*c - 4, t = -c + 4*l - 4. Calculate the remainder when c is divided by 3.
1
Let c(n) = -n + 6. Let f be c(8). Let s be (-4)/f + 12/(-1). What is the remainder when 4/s*(-25 + 0) is divided by 4?
2
Let q(o) = -o**3 + 8*o**2 - 8*o - 5. What is the remainder when 89 is divided by q(6)?
13
Suppose -3 = j - 45. Calculate the remainder when j is divided by 11.
9
Let y = -70 + 92. Calculate the remainder when 43 is divided by y.
21
Suppose 2*y - 10 = 36. What is the remainder when y is divided by 5?
3
Suppose -19 = -4*n + 21. Let c be 56/n + 2/5. What is the remainder when (-1)/2 + 81/c is divided by 5?
3
Suppose 0 = 2*y + 4*t - 152, t - 147 = -3*y + 106. What is the remainder when y is divided by 22?
20
Suppose -z - 112 = 3*z. Let o = -14 - z. What is the remainder when 53 is divided by o?
11
Let q = 75 + -58. Calculate the remainder when 49 is divided by q.
15
Let s = 8 - 5. Suppose s*v = 7*v - 136. What is the remainder when v is divided by (-2 + 3/(-3))*-4?
10
Suppose -g = -3*n - 15, -4*g + 2*g = -n - 40. Suppose z - 53 + 16 = -4*h, 3*h + 126 = 3*z. What is the remainder when z is divided by g?
20
Suppose -2*u + 13 = -3. What is the remainder when u is divided by 4?
0
Let c(r) = -r**3 - r + 86. Let a = -8 - -8. What is the remainder when c(a) is divided by 22?
20
Let m(n) = 3*n - 12. Let a be (6/(-4))/((-3)/6). Suppose -124 = -4*j - 2*l, -j - a*j + 4*l = -100. What is the remainder when j is divided by m(9)?
14
Suppose -5*w + 103 = -27. Let i(g) = 0 - 2 + w*g**2 + 1. What is the remainder when i(-1) is divided by 13?
12
Suppose 0*h = 3*h - q - 50, -h + 6 = -3*q. Let i be (8/(-3) + -2)*6. Let f = 25 - i. What is the remainder when f is divided by h?
17
Calculate the remainder when 0/2 - (2 + -27) is divided by ((-2)/6)/(1/(-27)).
7
What is the remainder when (138/(-4))/(15/(-20)) is divided by 25?
21
Suppose -3*j - 3*l + 26 = l, 0 = -5*j + 2*l. Let x(a) = -a**3 - a. Let o be x(j). What is the remainder when (-16)/(-6)*(-45)/o is divided by 5?
2
Let i = 9 + -4. Suppose -3*g - 2*g + i = 0. Calculate the remainder when 26 is divided by -2*g + (-16)/(-1).
12
What is the remainder when 16 is divided by (2/4)/((-5)/(-90))?
7
Let n(p) = p**2 + 3*p + 12. Calculate the remainder when n(-10) is divided by 22.
16
Suppose 0 = -13*r + 62 + 16. Calculate the remainder when 21 is divided by r.
3
Suppose -1 + 100 = 5*p - 4*a, -5*a + 14 = p. Calculate the remainder when 35 is divided by p.
16
Let r(j) = j**3 + 7*j**2 + 4*j + 2. Calculate the remainder when r(-6) is divided by 8.
6
Let k = 2 + 10. Calculate the remainder when k is divided by 7.
5
Let g be 2 + (1 - 1) - -6. Suppose 5*a + 4*q = 33, 0 = 2*a - 7*a - q + 42. Calculate the remainder when 242/14 + g/(-28) is divided by a.
8
Suppose -3 = 5*w - 13. What is the remainder when 32 is divided by (-17)/(-3 + w + 0)?
15
Let a(u) = u - 1. Let d be a(-5). Let l(m) = -m**3 - 7*m**2 - 6*m + 6. Suppose 117 - 49 = 4*k. Calculate the remainder when k is divided by l(d).
5
Suppose -2*l = l + 18. Let f(q) = -q - 5. Let w be f(l). Calculate the remainder when 1 + (w - 2) + 5 is divided by 3.
2
Let m = 24 - 6. Let w = m + -3. What is the remainder when w is divided by 8/3*(-1 + 4)?
7
Suppose -4*m = -m - 9. Suppose 2*l + m*l - 310 = 0. What is the remainder when l is divided by 16?
14
Suppose -39 - 53 = -4*r. Calculate the remainder when r is divided by 8.
7
Suppose 5*w - 2*v + 6*v = 348, -v = 3. Calculate the remainder when w is divided by 19.
15
Suppose -4*y = 4*r - 108, -5*y + 5*r + 155 = -0*r. What is the remainder when 113 is divided by y?
26
Let h(g) = -6*g - 1. Calculate the remainder when 30 is divided by h(-2).
8
Suppose -r = -2*o - 1, -4*r - o = 2*o - 48. What is the remainder when r is divided by (2 - (-3)/1) + -2?
0
Suppose 0 = -0*a - a + 3*x + 27, 5*a + 5*x - 35 = 0. Calculate the remainder when 41 is divided by a.
5
Let y(z) = -20*z + 1. Calculate the remainder when y(-3) is divided by 16.
13
Let y = 84 - -20. What is the remainder when y is divided by 27?
23
Let u = -4 + 13. What is the remainder when 17 is divided by u?
8
Suppose 3*w - j = 2*w + 3, -5*j = 3*w + 7. Suppose 14 + w = f. Calculate the remainder when 43 is divided by f.
13
Calculate the remainder when 4/10*150/6 is divided by 6.
4
Let q be (-10)/(-3) + (-2)/6. Let z = 4 + q. Calculate the remainder when 12 is divided by z.
5
Let n = 11 + -5. Suppose 4*i - 2*i = n. Calculate the remainder when 6 is divided by i.
0
Suppose 0*c = -4*c - 2*k + 74, 3*c - 51 = 3*k. Calculate the remainder when c is divided by 6.
0
Suppose 3*c = -c + 20. Calculate the remainder when 12 is divided by c.
2
Suppose 7*q = 3*q + 60. Calculate the remainder when 132 is divided by q.
12
Let j = -4 - -6. Let f be 4 + -2 + (4 - 2). Let u = f + -3. Calculate the remainder when j is divided by u.
0
Suppose 0 = 2*o - o + t, -4*t = 2*o. Suppose -5*v - 131 = -2*k, -5*v - 119 = -o*v + 2*k. Let i = 43 + v. Calculate the remainder when i is divided by 10.
8
Let c be 1*(-1 - (2 + -3)). Suppose c = 3*t - 30 - 147. Calculate the remainder when t is divided by 15.
14
Let n = -13 + 28. Let w(l) = -l**2 - 7*l - 2. Let p be w(-6). Suppose -d = -p*d + 129. Calculate the remainder when d is divided by n.
13
Suppose -6*p + 7*p - 22 = 0. What is the remainder when p is divided by 12?
10
Suppose 9 = n - h, -2 = n + 3*h + 5. Let s(l) = l**2 + 4*l - 2. Let i be s(-5). Suppose -i*c + 2*c = -9. What is the remainder when c is divided by n?
4
Let w = -8 - -13. Suppose u + 5 = 3*r, -w*r + 4*u = 2*u - 7. Suppose 0 = -r*o - l + 78, -l - l - 141 = -5*o. What is the remainder when 80 is divided by o?
26
Let k(r) = 5*r - 5. Let d be k(4). Suppose i - d + 4 = 0. What is the remainder when (1 - 2)*(2 + -23) is divided by i?
10
Let d be 6/(-4)*(-1 - 1). Suppose -d*n = 2*o - o - 2, -8 = -4*o - 2*n. Let g = 2 - 0. What is the remainder when g is divided by o?
0
Let f(t) = -8*t - 17. Calculate the remainder when f(-3) is divided by 3/6 - (-10)/4.
1
Suppose 4*k - 20 = 4. Suppose -w + 2*h - k - 2 = 0, 4*w - 12 = -3*h. Suppose w = 4*s - 13 - 15. Calculate the remainder when s is divided by 2.
1
Let b(v) = -v**2 + 11*v - 8. Let n be b(10). Suppose 47 = n*h - 0*t + 3*t, 3*h + 2*t = 63. What is the remainder when 35 is divided by h?
16
Let o be (0 + -1)/(3/(-21)). Let l = 4 + o. What is the remainder when 31 is divided by l?
9
Suppose 6*p + 0 - 96 = 0. What is the remainder when p is divided by 7?
2
What is the remainder when 11 is divided by 1/(((-4)/(-8))/1)?
1
What is the remainder when (22/55)/(2/140) is divided by 10?
8
Suppose 0 = 5*t - 7 - 143. What is the remainder when t is divided by 11?
8
Suppose -11*u + 8 = -9*u. Let d(i) = -i**3 + 5*i**2 - 1. Let n be d(5). Let v = n + 3. Calculate the remainder when u is divided by v.
0
Suppose -4*c + 24 = 4*z, -4*z = 5*c - 15 - 11. What is the remainder when 9 is divided by z?
1
Let d be 4*(-2)/2*-1. Let p = 36 - 26. Calculate the rema